are the prime factors of g?
3, 5
Let p = -1 + 3. Suppose 3*b + p*b - a = 56, b + 3*a = 24. What are the prime factors of b?
2, 3
What are the prime factors of (-4)/(-30) - (-2919)/45?
5, 13
Suppose 69 = -31*k + 34*k. List the prime factors of k.
23
Suppose -m - 5*c + 31 = 0, 5*m + c - 35 = -0*m. What are the prime factors of m?
2, 3
Let w = -1 + -3. Let r = w + 12. What are the prime factors of r?
2
Suppose -6*v + 4*v = -6. Suppose 0*s + 54 = v*s. What are the prime factors of s?
2, 3
Let x be 3/(3/(-1)) + 5. Let d be (-1)/2 + (-30)/(-4). Suppose -2*b + 28 = x*y, 5*b = d*y - 3*y - 14. List the prime factors of y.
2, 3
Let q(b) = -2*b**3 - 2*b**2 + 2*b. Let n be q(-3). Suppose -2*t = -3*y - n, t + 4*y + 61 = 6*t. List the prime factors of t.
3
Let k(d) = -1 + 3 - d - 1. Let p be k(-6). List the prime factors of (-2)/(-2) + 0 + p.
2
Let b = -70 - -119. List the prime factors of b.
7
Suppose 12 = 2*s + 4*b + b, -5*b + 6 = s. What are the prime factors of s?
2, 3
Let c(a) be the first derivative of -a**2/2 - 2*a + 1. Let k be c(-6). Suppose -k*b + 2*b + h = -29, -5*h - 73 = -4*b. List the prime factors of b.
2, 3
Let v = 2 + -7. List the prime factors of 0 + (1 + v - -7).
3
Let w(a) = 2*a**2 + 0*a**2 - 7 - 5*a - a**2. Let c(u) = -u**2 + 7*u + 1. Let s be c(6). List the prime factors of w(s).
7
Suppose -138 = 4*a - 746. Suppose 0 = -3*x + 7*x - a. What are the prime factors of x?
2, 19
Suppose 5*h = 4*h + 66. What are the prime factors of h?
2, 3, 11
Suppose 3*f = j + 39, 2*f + 0*j = j + 26. What are the prime factors of f?
13
Let h(x) = -x. Suppose -2*g + 3 = -3*g. Let q be h(g). Let b(j) = 3*j + 1. What are the prime factors of b(q)?
2, 5
Let x(p) be the second derivative of -p**5/20 - 5*p**4/12 - 2*p**3/3 + p**2 - p. Suppose i + 20 = -5*z - 4, 36 = -5*i - 4*z. What are the prime factors of x(i)?
2
Let t(c) = -9*c - 11. Let p(g) = 26*g + 32. Let q(w) = -5*p(w) - 14*t(w). List the prime factors of q(-4).
2, 5
Suppose 0 = -4*s - 14 + 94. Let k = s + -14. List the prime factors of k.
2, 3
Let f(o) = -o**3 + 8*o**2 - 7*o. Let j be f(7). Suppose 3*d + 4*h - 168 = j, h + h - 174 = -3*d. Suppose 0 = 3*v + 2*v - d. What are the prime factors of v?
2, 3
List the prime factors of (-414)/(-12)*4/6.
23
Suppose -6*z + 2*z = -24. Suppose c + 140 = z*c. List the prime factors of c.
2, 7
Let c be 3/(6/4 - 0). Suppose 0 = 3*p + 5*f - f + 5, 5 = 3*p + c*f. Suppose -p*x + 5 = -5. List the prime factors of x.
2
Let t = -5 - -4. Let w = 3 - t. List the prime factors of w.
2
What are the prime factors of 86 + (-3)/((-6)/8)?
2, 3, 5
Suppose 0 = 3*q - q. Let b = -25 + 12. What are the prime factors of b/(-1 - q) - 2?
11
Suppose 2*u + 5 = -1. Let j = -33 + 46. Let d = u + j. What are the prime factors of d?
2, 5
Let l be (-3)/(3/(-4)*2). Let f be (-1)/l - 2/(-4). Suppose f = -0*q + 5*q - 60. What are the prime factors of q?
2, 3
Suppose -6*r + r = 3*b - 68, -4*b + 2*r + 108 = 0. What are the prime factors of b?
2, 13
Let x(a) = a**3 - 2*a**2 - 5*a - 1. Let z be x(4). Suppose n - 3*n + 12 = 0. Let j = z - n. What are the prime factors of j?
5
Suppose -3*f - 5*d + 1086 = 358, 4*d = 16. What are the prime factors of f?
2, 59
Suppose 5*a + 3 + 5 = 2*v, -a + 1 = -3*v. List the prime factors of 19 + -1 + a + -1.
3, 5
Suppose -2 - 2 = 2*i. List the prime factors of -2 + 5 - 32/i.
19
Let v = -6 - -8. Suppose b = -0*b - 2*p + 18, -v*p - 36 = -2*b. List the prime factors of b.
2, 3
Let j be 0 - 3*2/(-3). Suppose -1 = j*h + 3. Let g = 2 - h. What are the prime factors of g?
2
Let i(m) = 2*m**2 - 2*m - 5. What are the prime factors of i(6)?
5, 11
Suppose -3*l = -6*l + 3*z + 63, -8 = -2*z. List the prime factors of l.
5
Suppose 3*o = 4*o + 69. Let x = o - -3. What are the prime factors of ((-6)/9)/(4/x)?
11
Suppose -114 = -3*a - 0*h - 2*h, -3*a + 2*h = -126. List the prime factors of a.
2, 5
Suppose a = -v - 3*a + 15, -86 = -4*v - 3*a. What are the prime factors of v?
23
Suppose 6*x - 7*x + 65 = 0. Let b = -40 + x. List the prime factors of b.
5
Let z be ((-77)/(-22))/(1/30). Suppose z = -3*w + 6*w. List the prime factors of w.
5, 7
Suppose 0 = 4*l + 20 - 48. Let j(o) = -3*o + 8 - o**2 - l*o + 0*o + 0*o. List the prime factors of j(-9).
17
Let w be (-335)/(-9) - (-12)/(-54). Suppose h = 2*h - w. Suppose 0 = -3*n - 3*x + 45, 0*x + x = 3*n - h. List the prime factors of n.
13
Let w(l) = -l + 8. Let n be w(0). Let m = 14 - n. What are the prime factors of m?
2, 3
Let b = -20 + 80. List the prime factors of b.
2, 3, 5
Suppose -2*z = -5*k - 25, -5*z - 4*k = 1 - 14. Suppose 20 = z*m, -3*a = a + 4*m - 80. List the prime factors of a.
2
Let q(a) = a**3 + 4*a**2 - 1. Suppose 4*y - 8 = -4*w, -y = y + 3*w - 9. List the prime factors of q(y).
2
What are the prime factors of 3 + -4 + 99*1?
2, 7
Suppose 4*g - 9 = -3*v, -g + 3*v - 2 + 8 = 0. Suppose -2*y = 2*m - 40, -m - 64 = -2*y + g*m. List the prime factors of y.
2, 3
What are the prime factors of 536/18 + (25/(-9) - -3)?
2, 3, 5
Let y be (1 + (-12 - 1))*1. What are the prime factors of (-4)/y + (-160)/(-6)?
3
Suppose 3 = 2*q - 3*q. List the prime factors of (-1)/q + 411/9.
2, 23
Suppose 5*u + 31 = i, -4*i = 5*u + 28 - 77. List the prime factors of i.
2
Suppose s + 7 = b - 0*b, -3*b - 9 = 0. What are the prime factors of s/55 - (-145)/11?
13
What are the prime factors of (-2)/(-5) + 759/15?
3, 17
Suppose -2*a + 4 = -52. List the prime factors of a.
2, 7
Let n(l) be the third derivative of -l**5/60 - 5*l**4/12 + 7*l**3/6 - 3*l**2. List the prime factors of n(-10).
7
Let w = 60 + 63. List the prime factors of w.
3, 41
What are the prime factors of (-2378)/(-14) + (22/7 - 3)?
2, 5, 17
Suppose 0 = -c - 5*n + 17, -2*n + n = -5*c - 45. Let j = -11 - c. Let r = j - -16. What are the prime factors of r?
13
Let h be (29 - -3)*(-1 - 1). Let i be (2 + 5/(-2))*h. What are the prime factors of 5/(-2)*i/(-10)?
2
Let z be 6/1 - (3 + -4). Suppose -4*y + z*y + 42 = 2*s, -57 = -3*s + 3*y. What are the prime factors of s?
3, 5
Let i be 6/(-3*1/2). List the prime factors of (1 + i - -13) + 3.
13
Suppose -3*y = 2*a - 306 - 225, 3*y + 5*a - 540 = 0. List the prime factors of y.
5, 7
Let v be (25/3)/((-2)/(-12)). Let w be -1 + -18*3/(-6). Suppose -3*g + w*g = v. What are the prime factors of g?
2, 5
Let a(d) = 6*d + 1. Suppose l = -3*j + 13 - 2, -3*l + 4*j = -7. List the prime factors of a(l).
31
Suppose -108 = -d + 3*u - 4*u, 2*d + 3*u = 213. What are the prime factors of d?
3, 37
List the prime factors of (-1575)/(-13) + (-38)/247.
11
Suppose -6*q = -2*q - 4, -2 = -2*k + 4*q. Suppose k*o - 35 = 31. Suppose 3*c - 2*l - 2*l - o = 0, 0 = 5*c - 4*l - 34. List the prime factors of c.
2, 3
Let h(z) = -3*z - 1. Let i be h(-1). Let v(x) = -2 + 2*x**3 + 2 + x**i. What are the prime factors of v(1)?
3
Let r = 1 + 1. Suppose 8 = -2*q - 0, 5*y - 17 = -r*q. Let i = 0 + y. List the prime factors of i.
5
Let o(x) be the third derivative of -x**4/24 + x**3/6 + 3*x**2. List the prime factors of o(-7).
2
Suppose -2*i + 75 = 3*i. List the prime factors of i.
3, 5
Suppose y + 5*y - 120 = 0. What are the prime factors of y?
2, 5
Suppose -4*m + 7*m + 3*c - 129 = 0, -c = -3. Suppose 2*w = -3*w + m. Let a(d) = d**3 - 9*d**2 + 10*d - 10. List the prime factors of a(w).
2, 3
Let f(a) = 3*a. Let n be f(1). Suppose 2*o - 1 = -3*k, 4*k + 4*o - 20 = 6*o. What are the prime factors of 2*k*n/6?
3
Let o(g) = g**3 - 5*g**2 - 2*g + 8. What are the prime factors of o(6)?
2
Suppose r - 5*r - 3*w = -184, w = 3*r - 138. What are the prime factors of r?
2, 23
What are the prime factors of (-2 + 32)*(-2 - 216/(-20))?
2, 3, 11
Let g be 48 - (-2)/1*1. Suppose -g = -5*x - 0*x. What are the prime factors of (x - -1)*1 - 1?
2, 5
List the prime factors of 39/2*2*4.
2, 3, 13
Let n(g) = -g**3 + 7*g**2 - 3*g - 8. Let s be n(6). Let i(h) = -8*h + 0*h - 2 + 9*h. List the prime factors of i(s).
2
Suppose 0 = 16*f - 12*f + 104. Let k = f - -44. List the prime factors of k.
2, 3
Let k = -51 + 113. What are the prime factors of k?
2, 31
Suppose -l + q = -3*q - 41, -3*q = -3. List the prime factors of l.
3, 5
Suppose 3*u = 4 + 29. List the prime factors of u.
11
What are the prime factors of (-24)/14*(6 + -27)?
2, 3
Let s = 9 + -14. Let f be (-24)/15*s*1. Suppose -3*l + 4*l = f. List the prime factors of l.
2
List th